18
Let b = -9231 + 9286. Calculate the highest common factor of b and 60.
5
Let y(p) = 21*p - 239. Let s be y(13). Suppose -30 = -s*a + 28*a. What is the greatest common divisor of 23 and a?
1
Suppose -12 + 16 = -z. Let h be z + (3 + -3 - 19). Let u(r) = -r**3 - 24*r**2 - 27*r - 8. Let y be u(h). What is the highest common divisor of y and 24?
12
Let l = -2372 + 2572. Calculate the greatest common divisor of 1950 and l.
50
Suppose l + 3 = 0, b - 2*l = -4*l - 2. Suppose 8 = -b*k + 32. Calculate the greatest common factor of k and 27.
3
Let j be (-9)/3 + 1 - -13. Let p be (2/(-4) + 0)*0. Suppose 2*y + q = 19, y - 3*q - 7 - 13 = p. Calculate the highest common factor of y and j.
11
Suppose 247 + 1232 = 204*l + 255. Calculate the highest common factor of 252 and l.
6
Suppose 0 = -14*b - 4*b + 8352. Calculate the highest common divisor of 376 and b.
8
Suppose 5*i + 5*l - 766 = -246, i + 4*l = 116. Let z = -37 - 11. Let m be z/(-5) - (-28)/70. What is the highest common factor of i and m?
10
Let i be (-21 - 176/(-8))/((-3594)/1798 - -2). Calculate the greatest common factor of i and 124.
31
Suppose 16*z = 7*z - 378. Let x be (-24)/(-14) - (96/z - -2). Suppose x*d - 5*y + 13 = 84, -5*d + 3*y + 225 = 0. What is the highest common divisor of 32 and d?
16
Let g be (0 + (70 - -2))*88/32. What is the highest common factor of 306 and g?
18
Let z(q) = -3*q**2 - 2*q + 3*q - 5 - 3*q - q**3 - 4*q. Let g be z(-2). Suppose g*r + r = 80. What is the greatest common divisor of 160 and r?
20
Let a(d) = -4*d**3 + 3*d**2 - 6*d - 13. Let j be a(4). Let h = -211 - j. What is the greatest common factor of 34 and h?
34
Let y(x) = -3*x**3 - 2*x**2 + x + 6. Let h be y(-2). Suppose 14*b = 106 + h. Suppose 0 = z - 17 - b. What is the greatest common divisor of z and 13?
13
Let c(t) = 103*t - 6241. Let w be c(61). Calculate the greatest common factor of 9429 and w.
21
Let c be (5425/50 + -13)*258. Calculate the highest common divisor of c and 129.
129
Suppose -2*c + z + 335 = 2*c, 0 = -c - z + 85. Let x be (-1163 + -1)/(-61 + 62). Let k be x/132 - -9 - (-2768)/22. What is the highest common factor of c and k?
42
Suppose 3*m - 2*o - 320 = 0, -4*m = 9*o - 6*o - 455. Suppose 0 = -107*h + m*h - 12. Calculate the greatest common factor of h and 12.
4
Suppose -r + 279 = -3*y, -10*y + 1095 = 4*r - 15*y. What is the greatest common factor of 567 and r?
27
Let u = 5703 - 5699. Let l be (-4)/(-14) - 306/(-7). Suppose 0*c - 16 = -s - c, u*s - c = l. What is the greatest common divisor of s and 20?
4
Let r(v) = 50*v - 1274. Let t be r(35). Calculate the greatest common divisor of 28 and t.
28
Let q(p) = -143*p + 3744. Let s be q(16). Calculate the greatest common divisor of s and 4186.
182
Let x be ((-8)/(-6))/(164/(-861)) - -172. What is the highest common divisor of x and 4125?
165
Let t be (-1100)/140 - 48/42. Let b(f) be the first derivative of f**3/3 + 9*f**2/2 + 21*f - 1. Let z be b(t). What is the greatest common factor of 42 and z?
21
Suppose 4*x - 1 = 2*d + 1, -5*d - 4*x = -23. Suppose -23*c = 3*o - 20*c - 1692, -4*o + d*c = -2228. Calculate the highest common factor of 35 and o.
35
Let g = -182 + 206. Let m be g/(-14)*((-100)/(-10) - 87). What is the greatest common factor of m and 165?
33
Let o = 3188 + -4868. Let z be (288/(-20))/(3 - (-5058)/o). Calculate the highest common factor of 21 and z.
21
Let g be (-6)/15 + (-2548)/(-20) + -7. What is the highest common factor of g and 850?
10
Let q(u) = 24*u - 479. Let g be q(35). Let h = g - 316. Let m be ((-10)/(-8))/(2/8). What is the greatest common factor of m and h?
5
Suppose 3 = 2*f - c - 68, 3*f = -5*c + 74. What is the highest common factor of 2838 and f?
33
Let c(s) = -8*s + 3. Let h be c(3). Let t be 3 + h/15 + (-2)/(-5). Let p(n) = -n + 1. Let a be p(0). Calculate the highest common divisor of t and a.
1
Let d be 9*((-2)/6 - -2). Let q(a) = -33*a - 93. Let y be -1 - (2 + (8 - 5)). Let m be q(y). Calculate the greatest common divisor of d and m.
15
Suppose -4*a = 4*r - 236, -71*a + 74*a + 6 = 0. Calculate the highest common divisor of 976 and r.
61
Suppose 0 = -3*b + 3*t + 11214, -4*b - 109*t + 14958 = -110*t. Calculate the greatest common factor of 1020 and b.
340
Let b be 11064/96 + (-12 + 6)/24. What is the highest common divisor of b and 713?
23
Let u = -39 - -47. Suppose 3*b - 13 = -2*d, b - 34 = -2*d - 19. What is the highest common factor of u and d?
8
Let b = 62 + -59. Let s(q) be the second derivative of q**4/6 - 5*q**3/6 + q**2 - 9*q. Let p be s(b). Calculate the highest common divisor of p and 25.
5
Let a be ((-252)/33)/7*4653/(-94). Calculate the highest common factor of a and 3222.
18
Let z(y) = -9*y + 166. Let h be z(8). What is the highest common factor of 423 and h?
47
Let h(c) = 2*c**2 - 8*c - 3. Let u be h(4). Let n be (-55)/1 + u + 0. Let i = -13 - n. What is the highest common factor of i and 18?
9
Let w(s) = 119*s**2 - 688*s + 15. Let p be w(6). Calculate the highest common divisor of p and 2817.
9
Suppose 511*g - 15596779 = 8447304. What is the greatest common factor of g and 223?
223
Let l(h) be the third derivative of 23*h**5/60 - h**4/8 + h**3/6 - 7*h**2. Let r be l(-1). Suppose 5*a - 13 = r. What is the highest common divisor of a and 8?
8
Let u(v) = -12*v. Let g(c) = c**2 - 15*c + 49. Let n be g(6). Let s be u(n). Calculate the highest common factor of s and 96.
12
Let a be -4 + (-1 + 5 - 2 - -314*1). Calculate the highest common divisor of 18 and a.
6
Let c = -392 + 740. What is the highest common divisor of 108 and c?
12
Let n(y) = -591*y + 2502. Let d be n(4). What is the greatest common factor of 2944 and d?
46
Let d be 3/2*-2 + 55 + -34. Suppose 0 = -16*i - d*i + 1156. What is the greatest common factor of 442 and i?
34
Let u(d) = 31 + 29 - 7 + 5*d + 46 + 32*d. Let p be u(4). Calculate the highest common divisor of 19 and p.
19
Let z(v) = 19*v**3 - 4*v**2 - 120*v + 358. Let w be z(3). Calculate the greatest common divisor of 425 and w.
25
Suppose -81 + 71 = -5*c. Suppose -2*u = 3*j - 31, -2*u + c*j = 2 - 18. What is the highest common factor of u and 143?
11
Let k(i) = 39*i**3 - 4*i + 5. Let u be k(1). Calculate the highest common divisor of 4360 and u.
40
Let k be (-4)/(-3)*(-153)/(-68). Suppose -3*g + 2820 = k*z, 5*g - 4399 - 293 = -3*z. Calculate the greatest common divisor of 72 and g.
72
Suppose 2*c + 2*h = -133 + 33, -c = 5*h + 62. Let u = c + 94. Calculate the highest common divisor of 188 and u.
47
Suppose -3*r = i + 11, r - 4*i + 0*i + 21 = 0. Let d(z) = -3*z - 5. Let p be d(r). Let o be 21/12*4 - (-2 - 41). What is the greatest common divisor of p and o?
10
Suppose 9*o - 11*o + 3480 = -3*u, -4*o + 6980 = 4*u. Calculate the greatest common factor of 21 and o.
21
Let j = -12323 - -20803. What is the greatest common divisor of 160 and j?
160
Let x = 10202 - 9789. What is the greatest common factor of x and 35?
7
Let j be 2864/(-28) - (-4)/14. Let d = 96 + j. Let i be (8/1 - d)/((-2)/(-6)). Calculate the greatest common factor of i and 14.
14
Let v = 271 + -267. Calculate the highest common factor of v and 332.
4
Let n be 1*(-8)/4 + 163. Suppose -21*o + n = -784. Calculate the highest common divisor of 27 and o.
9
Let s = -134 - -150. Let w = 60 - s. Suppose -w = -3*b - 5*g, 5*g - 20 = -2*b + 11. Calculate the highest common divisor of b and 39.
13
Let t = -169 - -182. Suppose -w = -2*s + 4*w + 62, 0 = -5*s - 2*w + 126. What is the greatest common divisor of s and t?
13
Let c(t) = -t**3 - 16*t**2 - 7*t - 17. Let v be c(-15). Let f = v - -153. Calculate the greatest common factor of f and 176.
16
Let j be (0 + 76/2)*(-20)/(-40). Let v = -8 + j. What is the greatest common divisor of v and 143?
11
Let b(r) = 831*r + 3628. Let n be b(-4). Calculate the highest common factor of n and 3876.
76
Suppose -5*p - 3*n + 33180 + 1085 = 0, -n = 5*p - 34265. What is the highest common divisor of p and 77?
77
Suppose -3*h - 3*m = -237, h + 2*m - 82 = -2*m. Let d be 8/(1 + 1) - 93. Let t = 141 + d. What is the highest common factor of t and h?
26
Let d(u) = 11*u**2 + 21*u + 35. Let w(x) = 2*x**2 - 1. Let k(h) = -d(h) + 5*w(h). Let i be k(-14). What is the highest common divisor of 2 and i?
2
Suppose 2*i + 25 = 2*x - 13, -4*i - 16 = 0. Suppose x*z - 12*z = 1740. Calculate the highest common divis